ivided by 2/8 + p/16?
14
Suppose -4 - 32 = -3*y. Suppose -y = 4*c, 0 = 5*o - c - 0*c - 28. Suppose -10*l = -o*l - 45. What is the remainder when 33 is divided by l?
6
Let y(u) = -7*u + 56. Let k be y(0). Suppose 57*m - 56 = k*m. Calculate the remainder when m is divided by 30.
26
Let s(v) = v**3 + 6*v**2 - 3*v - 1. Let y be s(-6). Let d = -13 + y. What is the remainder when 17 is divided by (-6)/d*20/(-3)?
7
Suppose -5*b - 143 = -2*s, 0*s - s = 5*b - 64. Let a = -290 - -300. What is the remainder when s is divided by a?
9
Let h = -26 - -30. Calculate the remainder when 26 + -1 + 10/5 is divided by h.
3
Suppose -172 = -4*g - 24. What is the remainder when g is divided by (-1890)/567*((-1 - -2) + -4)?
7
Suppose 4*s = 2*s + 5*b + 18, 4*s - b - 18 = 0. Suppose s*r + 4*h - 108 = 0, r - 24 = -0*r - 4*h. What is the remainder when r is divided by 8?
4
Calculate the remainder when 111 is divided by ((-126)/(-30))/(60/200).
13
Suppose 2*x = 4*y + 166, 4*y - 158 = 4*x - 6*x. Calculate the remainder when 232 is divided by x.
70
Suppose -5*s + 8 = -2. Let g be (-6)/(-2) - (s + -1). Suppose -30 = -3*p - 4*x, 5*p + g*x - 3*x - 27 = 0. Calculate the remainder when p is divided by 4.
2
Let s(n) = -n - 7*n + 6*n - 1. Let y = 4 - 14. What is the remainder when s(y) is divided by 10?
9
Calculate the remainder when (-5)/(-2) - 6077/(-118) is divided by 9.
0
Suppose -2*g = -4, 4*l - g - 54 = -0*l. Let v(b) = -6*b + 21. What is the remainder when v(-1) is divided by l?
13
Suppose 0 + 49 = c. Let o(u) = u**3 - 9*u**2 - 10*u + 15. Let t be o(10). Let y = 10 + t. What is the remainder when c is divided by y?
24
Suppose -88 = 2*b - 3*g + 312, -5*b + 4*g - 986 = 0. Let t = b + 291. Suppose 19 = -3*q + t. Calculate the remainder when q is divided by 9.
8
Suppose 6*p - 46 = 2*p - 2*n, -38 = -2*p + 2*n. Let d be (1/(-6))/(1/(-6)). Suppose w + d = 39. Calculate the remainder when w is divided by p.
10
Suppose -7*u + 18 = -u. Suppose -4*r + 11 = u. Suppose 0 = -r*q + p + 11, 2*q - 7 = q - p. Calculate the remainder when 11 is divided by q.
5
Let l = 587 + -573. Suppose -j = -5*i - 3*j + 187, -3*i = j - 112. What is the remainder when i is divided by l?
9
Let g = -152 - -178. Calculate the remainder when g is divided by 2.
0
Let o = -744 + 1051. What is the remainder when o is divided by 62?
59
Suppose 0 = -17*g + 106 + 1084. Calculate the remainder when 199 is divided by g.
59
Let y = 24 - 24. Suppose 3*r - 29 = 2*u, 2*u = 5*r - y*u - 55. Calculate the remainder when 48 is divided by r.
9
Calculate the remainder when 49 is divided by 426/710 + 42/5.
4
Suppose -4*c + 304 = 5*s - 415, -4*c = 3*s - 425. What is the remainder when s is divided by 40?
27
Let i = -17 - -12. Let g be (-118)/(-8) - (-2)/8. Calculate the remainder when 83 is divided by (i/g)/(2/(-126)).
20
Let c(l) = l**3 - 16*l**2 + 56*l + 5. Calculate the remainder when 2407 is divided by c(5).
7
Suppose -13*d + 917 = 345. What is the remainder when 305 is divided by d?
41
Let c = -26 + -47. Let t = 300 + c. Calculate the remainder when t is divided by 46.
43
Let m(i) = 5*i + 3 - 5*i + i - 1. Suppose -7*a + 3*a + 8 = 0. What is the remainder when a is divided by m(-1)?
0
Let t(s) be the third derivative of s**5/60 + s**4/3 - 7*s**3/3 - 11*s**2. Let l(b) = b**2 - 6*b - 5. Calculate the remainder when t(-10) is divided by l(7).
0
Let a(y) be the second derivative of -3*y**5/20 - 5*y**4/3 + 2*y**3/3 + 2*y**2 - 41*y. Calculate the remainder when a(-7) is divided by 9.
7
Suppose 31*i + 7266 = 22053. What is the remainder when i is divided by 37?
33
Suppose -4*u + 36 = -28. Let y(v) = -56*v + 6. Calculate the remainder when y(-1) is divided by u.
14
Suppose -7*w + 2*w = -v + 58, 129 = 2*v + 3*w. Let p = v + -42. Suppose 5*s - 411 = 3*b, 5*s + 3*b - 105 = 294. What is the remainder when s is divided by p?
18
Suppose -w - 2*f + 55 = -50, -2*f + 10 = 0. What is the remainder when 263 is divided by w?
73
Let m(q) = -q**2 + 3*q + 7. Let o be m(4). Suppose 3*j - o - 12 = -p, 5*p = -3*j + 27. Calculate the remainder when (-23)/(-2) + 3 + (-35)/10 is divided by j.
3
Let w(x) = 18*x**2 - x. Suppose 3*j - 37 = -2*i, j - i = i + 7. Suppose -j = -v - b, 0 = 3*v - b - 15 - 14. Calculate the remainder when w(-1) is divided by v.
9
Suppose 2*y - 2*h + 38 = 0, -4*h + 2*h = y + 10. Let s = -4 - y. Let p(u) = 16*u + 7. Calculate the remainder when p(1) is divided by s.
11
Let y(o) = -o**3 + 13*o**2 - 12*o + 25. Suppose -6*m = -13 - 59. What is the remainder when y(m) is divided by 8?
1
Suppose 3*n + 2 - 8 = -o, 3*o + 5*n - 34 = 0. What is the remainder when 33 is divided by o?
15
Suppose 3*b - 74 = 160. Calculate the remainder when 301 is divided by b.
67
Let d(v) = -11*v + 2. Let m = -41 + 37. Calculate the remainder when d(m) is divided by 24.
22
Suppose 64 = -4*u - 3*x, -u + 4*x = -2 - 1. Let n = -10 - u. Suppose -q - 1 + 3 = n*v, -4*q + 2*v = -78. What is the remainder when q is divided by 6?
5
Let r = -240 - -261. What is the remainder when 145 is divided by r?
19
Suppose 18 = 3*s + 2*i, i = 3*s - 29 + 2. Suppose o = -4*g + 34, -4*g + 13 + 63 = 4*o. Calculate the remainder when o is divided by s.
6
Suppose -13*n + 24 = -10*n. Let h = n + -8. Let c = 6 - h. Calculate the remainder when c is divided by 5.
1
Let b = -5 - -16. Suppose 750 = -2*z + 17*z. Let i = -29 + z. Calculate the remainder when i is divided by b.
10
Suppose -19*q + 9*q + 3950 = 0. What is the remainder when q is divided by 12?
11
Let g = 215 + -183. Calculate the remainder when g is divided by 12.
8
Let t = -10 - -25. Let n = -14 + 38. Suppose 2*j = -2*j + n. Calculate the remainder when t is divided by j.
3
Let j = -30 + 28. Calculate the remainder when 26 is divided by 68/5 + j/(-5).
12
Let t = -35 - -98. Calculate the remainder when t is divided by 3190/242 + 2/(-11).
11
Let g(t) = t**3 - 3*t**2 - t - 4. Let h(f) = -20*f**3 - f**2. Let p be h(1). Let u be 7/p*(-12 + 0). What is the remainder when g(u) is divided by 5?
3
Suppose -13*m + 8*m = -270. Calculate the remainder when m is divided by 15.
9
Let t = -86 - -59. Let i = -20 - t. What is the remainder when 9 is divided by i?
2
Let p = 17 - 20. Let d = p + 4. Let y = d + 41. Calculate the remainder when y is divided by 15.
12
Let x be -2*((-45)/(-10))/((-3)/(-7)). Let q = x - -36. What is the remainder when 28 + (0 + 2 - 1) is divided by q?
14
Suppose -f + 2*d - d = -12, -4*d + 48 = 2*f. Let g be (-4)/f + (-130)/(-8). What is the remainder when 20 is divided by (g/24)/(2/24)?
4
Calculate the remainder when (1/((-2)/(-4)))/(2/149) is divided by 50.
49
Suppose -5*s + 15*s - 220 = 0. What is the remainder when 62 is divided by s?
18
Suppose 46*o = 42*o + 92. Suppose 4*s - o = p, 4*s + 0*s - 25 = -p. What is the remainder when 53 is divided by s?
5
Suppose -3*k - 3*i + 1875 + 330 = 0, 0 = 3*k + i - 2207. Calculate the remainder when 89 is divided by k/(-24)*6/(-4).
43
Suppose 3*w - 79 = 2. Let k(v) = -2*v + 2. Calculate the remainder when w/(-2)*(6 + (-132)/18) is divided by k(-4).
8
Let x be 106/(-4) - 6/4. Let n = x + 29. What is the remainder when 2 is divided by n?
0
Let w be ((-6)/(-3))/((-2)/(-13)). Let z = 31 - w. Let n = z - 0. What is the remainder when n is divided by 10?
8
Let j = -2048 + 2161. What is the remainder when j is divided by 19?
18
Let y = -231 + 280. What is the remainder when y is divided by 13?
10
Let k = 3 + -7. What is the remainder when 81 is divided by k*(-3)/(-36) + 85/3?
25
Let a = -39 - -27. What is the remainder when 3 is divided by 8/a*(-3 + 0/(-1))?
1
Suppose 0 = b - 4*q - 50, 72 + 78 = 3*b - 5*q. Let k(r) = 4*r**2 - r**2 + 11 + 7*r - r**2. What is the remainder when b is divided by k(-5)?
24
Let b = 5 + -1. Let n(d) = 36*d**2 + 1 + 11*d - 8*d - 33*d**2. What is the remainder when n(b) is divided by 16?
13
Suppose 0 = -z + 2*m - 1 + 14, 2*m = 3*z - 51. What is the remainder when z is divided by 15?
4
Let c = -46 - -51. Suppose 8*i + c = 13*i. What is the remainder when 2 is divided by i?
0
Let t be (-2 - (1 + 2))*1. Let w = 28 - t. What is the remainder when w is divided by 10?
3
Let m(d) = 4*d**2 - 5*d + 5. Let b(l) = -3*l + 6. Calculate the remainder when m(3) is divided by b(-1).
8
Let x(h) = 5*h + 5. Let m(r) = r**3 - 3*r**2 + 2. Let t be m(3). Suppose -5*f - t = -37. Cal